{"id":6295,"date":"2016-10-09T10:19:30","date_gmt":"2016-10-09T08:19:30","guid":{"rendered":"http:\/\/heimatverein.he-webpack.de\/?page_id=6295"},"modified":"2023-04-17T20:44:31","modified_gmt":"2023-04-17T18:44:31","slug":"use-borger-jahresschriften","status":"publish","type":"page","link":"https:\/\/heimatverein.he-webpack.de\/?page_id=6295","title":{"rendered":"Use Borger Jahresschriften"},"content":{"rendered":"<p>Herzlich Willkommen!<\/p>\n<p>Sch\u00f6n, das ihr reinschaut. Hier findet ihr, (&#8222;haben Sie&#8220;) Informationen rund um die Jahresschrift &#8222;Use Borger&#8220; des Heimatverein B\u00f6rger e.V.. Mit einem Team von ca. 20 ehrenamtlichen Autoren, Lektoren und Helfern stellen wir uns jedes Jahr der Aufgabe, eine neue Schrift zu fertigen. Themen, die wir aufarbeiten k\u00f6nnen, gibt es genug. Man mu\u00df sie nur anpacken. Mit der Ausgabe 2022 steht nun die 32. Ausgabe unserer Jahresschrift zur Verf\u00fcgung. Hier im Netz sind nach Themen und Jahrg\u00e4ngen geordnet, die Artikel und Texte, und die Autoren aufgelistet (www = wat wusste w\u00e4ten). Letztes Update 05.03.2023. Wenn die Zeit es zul\u00e4sst wollen wir in 2024, neue &#8222;Leseproben&#8220; anbieten.<\/p>\n<p>Auf dem Foto dieser Seite sieht man Mitglieder des Arbeitskreises und G\u00e4ste am 08. Dez. 2012. Von links: Hans Geers (AK Geschichte), Reinhard Rolfes (AK Geschichte), die Pastoren Mathias Vo\u00df (Ev. Kirchengemeinde S\u00f6gel-B\u00f6rger) und Karl Heinz Santel (Pfarrgemeinschaft St. Barbara B\u00f6rger), J\u00fcrgen Ermes (Stv. B\u00fcrgermeister), Wilhelm Goldschmidt (Druckerei Goldschmidt Werlte), Wilfried L\u00fcbs Stv. Landrat Landkreis Emsland, Karl Heinz Weber (Vorsitzender Kreisheimatverein ASD), Hermann Br\u00f6ring (Vorsitzender Emsl\u00e4ndischer Heimatbund), Heinz Oldiges (Kassenwart HV B\u00f6rger), Josef Schmees (Stv. Vorsitzender HV), Hermann Plaggenborg (AK Geschichte), G\u00fcnter Wigbers (SG Bgm. S\u00f6gel) Bernd Gebkenjans (AK-Geschichte des HV B\u00f6rger) und Hermann Ubbenjans (AK-Leiter Geschichte beim HV B\u00f6rger).<br \/>\n<div id=\"attachment_2737\" style=\"width: 650px\" class=\"wp-caption aligncenter\"><a href=\"http:\/\/heimatverein.he-webpack.de\/wp-content\/uploads\/2012\/12\/Use-Bg-2012-Buchvorstellung.jpg\" rel=\"attachment wp-att-2737\" rel=\"lightbox[6295]\"><img loading=\"lazy\" decoding=\"async\" aria-describedby=\"caption-attachment-2737\" src=\"http:\/\/heimatverein.he-webpack.de\/wp-content\/uploads\/2012\/12\/Use-Bg-2012-Buchvorstellung-1024x365.jpg\" alt=\"Vorstellung Use Borger 2012 anl\u00e4\u00dflich des Kommersabend &quot;25 Jahre Heimatverein B\u00f6rger&quot; am 08. Dez. 2012\" width=\"640\" height=\"228\" class=\"size-large wp-image-2737\" srcset=\"https:\/\/heimatverein.he-webpack.de\/wp-content\/uploads\/2012\/12\/Use-Bg-2012-Buchvorstellung-1024x365.jpg 1024w, https:\/\/heimatverein.he-webpack.de\/wp-content\/uploads\/2012\/12\/Use-Bg-2012-Buchvorstellung-300x107.jpg 300w, https:\/\/heimatverein.he-webpack.de\/wp-content\/uploads\/2012\/12\/Use-Bg-2012-Buchvorstellung.jpg 1200w\" sizes=\"auto, (max-width: 640px) 100vw, 640px\" \/><\/a><p id=\"caption-attachment-2737\" class=\"wp-caption-text\">Vorstellung Use Borger 2012 anl\u00e4\u00dflich des Kommersabend &#8222;25 Jahre Heimatverein B\u00f6rger&#8220; am 08. Dez. 2012<\/p><\/div><\/p>\n","protected":false},"excerpt":{"rendered":"<p>Herzlich Willkommen!<\/p>\n<p>Sch\u00f6n, das ihr reinschaut. Hier findet ihr, (&#8222;haben Sie&#8220;) Informationen rund um die Jahresschrift &#8222;Use Borger&#8220; des Heimatverein B\u00f6rger e.V.. Mit einem Team von ca. 20 ehrenamtlichen Autoren, Lektoren und Helfern stellen wir uns jedes Jahr der Aufgabe, eine neue Schrift zu fertigen. Themen, die wir aufarbeiten k\u00f6nnen, gibt es genug. Man mu\u00df [&#8230;]<\/p>\n","protected":false},"author":2,"featured_media":0,"parent":0,"menu_order":0,"comment_status":"closed","ping_status":"closed","template":"","meta":{"ngg_post_thumbnail":0,"footnotes":""},"class_list":["post-6295","page","type-page","status-publish","hentry","odd"],"_links":{"self":[{"href":"https:\/\/heimatverein.he-webpack.de\/index.php?rest_route=\/wp\/v2\/pages\/6295","targetHints":{"allow":["GET"]}}],"collection":[{"href":"https:\/\/heimatverein.he-webpack.de\/index.php?rest_route=\/wp\/v2\/pages"}],"about":[{"href":"https:\/\/heimatverein.he-webpack.de\/index.php?rest_route=\/wp\/v2\/types\/page"}],"author":[{"embeddable":true,"href":"https:\/\/heimatverein.he-webpack.de\/index.php?rest_route=\/wp\/v2\/users\/2"}],"replies":[{"embeddable":true,"href":"https:\/\/heimatverein.he-webpack.de\/index.php?rest_route=%2Fwp%2Fv2%2Fcomments&post=6295"}],"version-history":[{"count":23,"href":"https:\/\/heimatverein.he-webpack.de\/index.php?rest_route=\/wp\/v2\/pages\/6295\/revisions"}],"predecessor-version":[{"id":11405,"href":"https:\/\/heimatverein.he-webpack.de\/index.php?rest_route=\/wp\/v2\/pages\/6295\/revisions\/11405"}],"wp:attachment":[{"href":"https:\/\/heimatverein.he-webpack.de\/index.php?rest_route=%2Fwp%2Fv2%2Fmedia&parent=6295"}],"curies":[{"name":"wp","href":"https:\/\/api.w.org\/{rel}","templated":true}]}}

<p>Herzlich Willkommen!</p>
<p>Schön, das ihr reinschaut. Hier findet ihr, (&#8222;haben Sie&#8220;) Informationen rund um die Jahresschrift &#8222;Use Borger&#8220; des Heimatverein Börger e.V.. Mit einem Team von ca. 20 ehrenamtlichen Autoren, Lektoren und Helfern stellen wir uns jedes Jahr der Aufgabe, eine neue Schrift zu fertigen. Themen, die wir aufarbeiten können, gibt es genug. Man muß sie nur anpacken. Mit der Ausgabe 2022 steht nun die 32. Ausgabe unserer Jahresschrift zur Verfügung. Hier im Netz sind nach Themen und Jahrgängen geordnet, die Artikel und Texte, und die Autoren aufgelistet (www = wat wusste wäten). Letztes Update 05.03.2023. Wenn die Zeit es zulässt wollen wir in 2024, neue &#8222;Leseproben&#8220; anbieten.</p>
<p>Auf dem Foto dieser Seite sieht man Mitglieder des Arbeitskreises und Gäste am 08. Dez. 2012. Von links: Hans Geers (AK Geschichte), Reinhard Rolfes (AK Geschichte), die Pastoren Mathias Voß (Ev. Kirchengemeinde Sögel-Börger) und Karl Heinz Santel (Pfarrgemeinschaft St. Barbara Börger), Jürgen Ermes (Stv. Bürgermeister), Wilhelm Goldschmidt (Druckerei Goldschmidt Werlte), Wilfried Lübs Stv. Landrat Landkreis Emsland, Karl Heinz Weber (Vorsitzender Kreisheimatverein ASD), Hermann Bröring (Vorsitzender Emsländischer Heimatbund), Heinz Oldiges (Kassenwart HV Börger), Josef Schmees (Stv. Vorsitzender HV), Hermann Plaggenborg (AK Geschichte), Günter Wigbers (SG Bgm. Sögel) Bernd Gebkenjans (AK-Geschichte des HV Börger) und Hermann Ubbenjans (AK-Leiter Geschichte beim HV Börger).<br />
<div id="attachment_2737" style="width: 650px" class="wp-caption aligncenter"><a href="http://heimatverein.he-webpack.de/wp-content/uploads/2012/12/Use-Bg-2012-Buchvorstellung.jpg" rel="attachment wp-att-2737" rel="lightbox[6295]"><img loading="lazy" decoding="async" aria-describedby="caption-attachment-2737" src="http://heimatverein.he-webpack.de/wp-content/uploads/2012/12/Use-Bg-2012-Buchvorstellung-1024x365.jpg" alt="Vorstellung Use Borger 2012 anläßlich des Kommersabend &quot;25 Jahre Heimatverein Börger&quot; am 08. Dez. 2012" width="640" height="228" class="size-large wp-image-2737" srcset="https://heimatverein.he-webpack.de/wp-content/uploads/2012/12/Use-Bg-2012-Buchvorstellung-1024x365.jpg 1024w, https://heimatverein.he-webpack.de/wp-content/uploads/2012/12/Use-Bg-2012-Buchvorstellung-300x107.jpg 300w, https://heimatverein.he-webpack.de/wp-content/uploads/2012/12/Use-Bg-2012-Buchvorstellung.jpg 1200w" sizes="auto, (max-width: 640px) 100vw, 640px" /></a><p id="caption-attachment-2737" class="wp-caption-text">Vorstellung Use Borger 2012 anläßlich des Kommersabend &#8222;25 Jahre Heimatverein Börger&#8220; am 08. Dez. 2012</p></div></p>

<p>Herzlich Willkommen!</p>
<p>Schön, das ihr reinschaut. Hier findet ihr, (&#8222;haben Sie&#8220;) Informationen rund um die Jahresschrift &#8222;Use Borger&#8220; des Heimatverein Börger e.V.. Mit einem Team von ca. 20 ehrenamtlichen Autoren, Lektoren und Helfern stellen wir uns jedes Jahr der Aufgabe, eine neue Schrift zu fertigen. Themen, die wir aufarbeiten können, gibt es genug. Man muß [&#8230;]</p>
