{"id":55,"date":"2009-03-18T01:43:06","date_gmt":"2009-03-18T00:43:06","guid":{"rendered":"http:\/\/heimatverein.he-webpack.de\/?page_id=55"},"modified":"2026-02-23T21:30:13","modified_gmt":"2026-02-23T20:30:13","slug":"kontakt","status":"publish","type":"page","link":"https:\/\/heimatverein.he-webpack.de\/?page_id=55","title":{"rendered":"Kontakt"},"content":{"rendered":"<p><span style=\"color: #808080;\">Nehmen Sie doch einfach Kontakt zu uns auf!<\/span><\/p>\n<div id=\"attachment_7135\" style=\"width: 210px\" class=\"wp-caption alignright\"><a href=\"http:\/\/heimatverein.he-webpack.de\/wp-content\/uploads\/2017\/06\/Regenbogen-\u00fcber-UbbenKrues.jpg\"><img loading=\"lazy\" decoding=\"async\" aria-describedby=\"caption-attachment-7135\" class=\"size-thumbnail wp-image-7135\" src=\"http:\/\/heimatverein.he-webpack.de\/wp-content\/uploads\/2017\/06\/Regenbogen-\u00fcber-UbbenKrues-200x150.jpg\" alt=\"\" width=\"200\" height=\"150\"><\/a><p id=\"caption-attachment-7135\" class=\"wp-caption-text\">Regenb\u00f6gen bei Sommersturm 06.06.2017, 21.10 Uhr Ubben-Kr\u00fcs, B\u00f6rger Esch.<\/p><\/div>\n<p>Heimatverein B\u00f6rger e. V., Heimathaus Up\u00b4n Riegen 1C, 26904 B\u00f6rger<\/p>\n<p>Mail: info (at) heimatverein-boerger.de&nbsp; oder&nbsp; heimatboerger@gmail.com<\/p>\n<p>www.heimatverein-boerger.de<\/p>\n<p>&#8212;&#8212;&#8212;&#8212;&#8212;&#8212;&#8212;&#8212;&#8212;&#8212;&#8212;&#8212;&#8212;&#8212;&#8212;&#8212;&#8212;&#8212;&#8212;&#8212;&#8212;&#8212;&#8212;&#8212;&#8212;&#8212;&#8212;&#8212;&#8212;&#8212;&#8212;&#8212;&#8212;&#8212;&#8212;&#8212;&#8212;&#8212;<\/p>\n<p>Erste Vorsitzende Johanna Terhalle Tel.: 05953-8378 Mail: terhalle (at) heimatverein-boerger.de oder<br \/>\nterhalle.boerger (at) t-online.de<\/p>\n<p>Zweiter Vorsitzender Heinz Oldiges Tel.: 05953-698 Mail: oldiges (at) heimatverein-boerger oder<br \/>\nheinrich.oldiges (at) web.de<\/p>\n<p>Schriftf\u00fchrerin Tanja Grote Tel.: 0152-06905473 Mail: grote (at) heimatverein-boerger.de oder<br \/>\ntanjagrote78 (at) gmail.com<\/p>\n<p>Kassenf\u00fchrer Stefan Sievers Tel.: 0175\/1144051 Mail: sievers (at) heimatverein-boerger.de oder<br \/>\nwolf-w461 (at) gmx.de<\/p>\n<p>AK Geschichte Hermann Ubbenjans Tel.: 05953-441 Mail: hermann-ubbenjans (at) web.de<\/p>\n","protected":false},"excerpt":{"rendered":"<p>Nehmen Sie doch einfach Kontakt zu uns auf!<\/p>\n<p id=\"caption-attachment-7135\" class=\"wp-caption-text\">Regenb\u00f6gen bei Sommersturm 06.06.2017, 21.10 Uhr Ubben-Kr\u00fcs, B\u00f6rger Esch.<\/p>\n<p>Heimatverein B\u00f6rger e. V., Heimathaus Up\u00b4n Riegen 1C, 26904 B\u00f6rger<\/p>\n<p>Mail: info (at) heimatverein-boerger.de&nbsp; oder&nbsp; heimatboerger@gmail.com<\/p>\n<p>www.heimatverein-boerger.de<\/p>\n<p>&#8212;&#8212;&#8212;&#8212;&#8212;&#8212;&#8212;&#8212;&#8212;&#8212;&#8212;&#8212;&#8212;&#8212;&#8212;&#8212;&#8212;&#8212;&#8212;&#8212;&#8212;&#8212;&#8212;&#8212;&#8212;&#8212;&#8212;&#8212;&#8212;&#8212;&#8212;&#8212;&#8212;&#8212;&#8212;&#8212;&#8212;&#8212;<\/p>\n<p>Erste Vorsitzende Johanna Terhalle Tel.: 05953-8378 Mail: terhalle (at) heimatverein-boerger.de oder terhalle.boerger (at) t-online.de<\/p>\n<p>Zweiter Vorsitzender Heinz Oldiges [&#8230;]<\/p>\n","protected":false},"author":1,"featured_media":0,"parent":51,"menu_order":1,"comment_status":"open","ping_status":"open","template":"","meta":{"ngg_post_thumbnail":0,"footnotes":""},"class_list":["post-55","page","type-page","status-publish","hentry","odd"],"_links":{"self":[{"href":"https:\/\/heimatverein.he-webpack.de\/index.php?rest_route=\/wp\/v2\/pages\/55","targetHints":{"allow":["GET"]}}],"collection":[{"href":"https:\/\/heimatverein.he-webpack.de\/index.php?rest_route=\/wp\/v2\/pages"}],"about":[{"href":"https:\/\/heimatverein.he-webpack.de\/index.php?rest_route=\/wp\/v2\/types\/page"}],"author":[{"embeddable":true,"href":"https:\/\/heimatverein.he-webpack.de\/index.php?rest_route=\/wp\/v2\/users\/1"}],"replies":[{"embeddable":true,"href":"https:\/\/heimatverein.he-webpack.de\/index.php?rest_route=%2Fwp%2Fv2%2Fcomments&post=55"}],"version-history":[{"count":33,"href":"https:\/\/heimatverein.he-webpack.de\/index.php?rest_route=\/wp\/v2\/pages\/55\/revisions"}],"predecessor-version":[{"id":14235,"href":"https:\/\/heimatverein.he-webpack.de\/index.php?rest_route=\/wp\/v2\/pages\/55\/revisions\/14235"}],"up":[{"embeddable":true,"href":"https:\/\/heimatverein.he-webpack.de\/index.php?rest_route=\/wp\/v2\/pages\/51"}],"wp:attachment":[{"href":"https:\/\/heimatverein.he-webpack.de\/index.php?rest_route=%2Fwp%2Fv2%2Fmedia&parent=55"}],"curies":[{"name":"wp","href":"https:\/\/api.w.org\/{rel}","templated":true}]}}

<p><span style="color: #808080;">Nehmen Sie doch einfach Kontakt zu uns auf!</span></p>
<div id="attachment_7135" style="width: 210px" class="wp-caption alignright"><a href="http://heimatverein.he-webpack.de/wp-content/uploads/2017/06/Regenbogen-über-UbbenKrues.jpg"><img loading="lazy" decoding="async" aria-describedby="caption-attachment-7135" class="size-thumbnail wp-image-7135" src="http://heimatverein.he-webpack.de/wp-content/uploads/2017/06/Regenbogen-über-UbbenKrues-200x150.jpg" alt="" width="200" height="150"></a><p id="caption-attachment-7135" class="wp-caption-text">Regenbögen bei Sommersturm 06.06.2017, 21.10 Uhr Ubben-Krüs, Börger Esch.</p></div>
<p>Heimatverein Börger e. V., Heimathaus Up´n Riegen 1C, 26904 Börger</p>
<p>Mail: info (at) heimatverein-boerger.de&nbsp; oder&nbsp; heimatboerger@gmail.com</p>
<p>www.heimatverein-boerger.de</p>
<p>&#8212;&#8212;&#8212;&#8212;&#8212;&#8212;&#8212;&#8212;&#8212;&#8212;&#8212;&#8212;&#8212;&#8212;&#8212;&#8212;&#8212;&#8212;&#8212;&#8212;&#8212;&#8212;&#8212;&#8212;&#8212;&#8212;&#8212;&#8212;&#8212;&#8212;&#8212;&#8212;&#8212;&#8212;&#8212;&#8212;&#8212;&#8212;</p>
<p>Erste Vorsitzende Johanna Terhalle Tel.: 05953-8378 Mail: terhalle (at) heimatverein-boerger.de oder<br />
terhalle.boerger (at) t-online.de</p>
<p>Zweiter Vorsitzender Heinz Oldiges Tel.: 05953-698 Mail: oldiges (at) heimatverein-boerger oder<br />
heinrich.oldiges (at) web.de</p>
<p>Schriftführerin Tanja Grote Tel.: 0152-06905473 Mail: grote (at) heimatverein-boerger.de oder<br />
tanjagrote78 (at) gmail.com</p>
<p>Kassenführer Stefan Sievers Tel.: 0175/1144051 Mail: sievers (at) heimatverein-boerger.de oder<br />
wolf-w461 (at) gmx.de</p>
<p>AK Geschichte Hermann Ubbenjans Tel.: 05953-441 Mail: hermann-ubbenjans (at) web.de</p>

<p>Nehmen Sie doch einfach Kontakt zu uns auf!</p>
<p id="caption-attachment-7135" class="wp-caption-text">Regenbögen bei Sommersturm 06.06.2017, 21.10 Uhr Ubben-Krüs, Börger Esch.</p>
<p>Heimatverein Börger e. V., Heimathaus Up´n Riegen 1C, 26904 Börger</p>
<p>Mail: info (at) heimatverein-boerger.de&nbsp; oder&nbsp; heimatboerger@gmail.com</p>
<p>www.heimatverein-boerger.de</p>
<p>&#8212;&#8212;&#8212;&#8212;&#8212;&#8212;&#8212;&#8212;&#8212;&#8212;&#8212;&#8212;&#8212;&#8212;&#8212;&#8212;&#8212;&#8212;&#8212;&#8212;&#8212;&#8212;&#8212;&#8212;&#8212;&#8212;&#8212;&#8212;&#8212;&#8212;&#8212;&#8212;&#8212;&#8212;&#8212;&#8212;&#8212;&#8212;</p>
<p>Erste Vorsitzende Johanna Terhalle Tel.: 05953-8378 Mail: terhalle (at) heimatverein-boerger.de oder terhalle.boerger (at) t-online.de</p>
<p>Zweiter Vorsitzender Heinz Oldiges [&#8230;]</p>
