{"id":249,"date":"2009-07-06T09:59:40","date_gmt":"2009-07-06T07:59:40","guid":{"rendered":"http:\/\/heimatverein.he-webpack.de\/?page_id=249"},"modified":"2024-10-23T09:35:33","modified_gmt":"2024-10-23T07:35:33","slug":"aus-der-satzung","status":"publish","type":"page","link":"https:\/\/heimatverein.he-webpack.de\/?page_id=249","title":{"rendered":"Unsere Ziele"},"content":{"rendered":"<p>Der <strong>Heimatverein B\u00f6rger e.V.<\/strong> ist noch ein junger Verein. In den 80er Jahren des vorigen Jahrhunderts starteten das Land Niedersachsen und der Landkreis Emsland das Projekt &#8222;Dorferneuerung&#8220;. Auch in B\u00f6rger wurde ein Ausschuss zur Dorferneuerung gegr\u00fcndet und es wurden Projekte gestartet. Private und kommunale Investoren restaurierten wertvolle Bausubstanz des Ortsbildes. In diesem Zusammenhang wurde auch das Heimathaus B\u00f6rger seiner Vollendung zugef\u00fchrt und man entschloss sich, einen Heimatverein zu gr\u00fcnden, der dieses Haus mit Leben erf\u00fcllen sollte. <\/p>\n<p>Der Heimatverein B\u00f6rger solle ein Zusammenschluss der B\u00f6rger Vereine und Privatpersonen sein, die sich f\u00fcr das Dorf und den Heimatgedanken einsetzen. So geschah es am 05. Dezember 1987, man gr\u00fcndete den Heimatverein B\u00f6rger. Am ersten Tag traten gleich 51 Mitglieder dem neuen Verein bei. Der Verein wurde beim Amtsgericht ins Vereinsregister eingetragen und man gab sich eine Satzung. Diese wurde sp\u00e4ter angepasst. <\/p>\n<p><a href=\"http:\/\/heimatverein.he-webpack.de\/?page_id=4698\">Neue Satzung des Heimatverein B\u00f6rger<\/a><\/p>\n<p> (\u00c4nderung und Anpassung der Gr\u00fcndungssatzung vom 04.12.1987, am 24.03.2019).<\/p>\n<p><a href=\"http:\/\/heimatverein.he-webpack.de\/wp-content\/uploads\/2023\/04\/Vorstand-HV-900-2.jpg\" rel=\"lightbox[249]\"><img loading=\"lazy\" decoding=\"async\" src=\"http:\/\/heimatverein.he-webpack.de\/wp-content\/uploads\/2023\/04\/Vorstand-HV-900-2-200x150.jpg\" alt=\"\" width=\"200\" height=\"150\" class=\"alignright size-thumbnail wp-image-11454\" \/><\/a><\/p>\n<p>Zum ersten Vorsitzenden w\u00e4hlte man Benedikt M\u00fcller (Andrees-Bene), der sich schon wie viele Neumitglieder auch, bei der Dorferneuerung eingebracht hatte. Zum stellvertretenden Vorsitzenden w\u00e4hlte man auf der konstituierenden Sitzung Liborius Geers, Schriftwart wurde Heinrich Wesseln (der sp\u00e4ter den Vorsitz \u00fcbernahm), Kassenwart wurde Josef Schmees. Heute hat der Heimatverein B\u00f6rger e.V. ca. 325 Mitglieder (Stand M\u00e4rz 2015) und ist in vielen Arbeitskreisen f\u00fcr den Ort aktiv. <\/p>\n<p>Mit den Jahren sind die Mitglieder \u00e4lter geworden. Viele sind gestorben und neue Mitglieder finden selten den Weg zum Heimatverein. Durch besondere Aktionen (Bauma\u00dfnahmen, Vorstandswechsel, Arbeit mit Kindern, Ausstellungen und Plattproater-Kaffee) zeichnen doch ab und an, j\u00fcngere Mitglieder einen Aufnahmeantrag.<\/p>\n<p>Der Verein hat sich zum Ziel gesetzt, <\/p>\n<p><strong>1. Verst\u00e4ndnis in allen Schichten der Bev\u00f6lkerung f\u00fcr die d\u00f6rfliche Volkskultur zu wecken,<br \/>\ndas Brauchtum zu hegen und sinnvoll zu entwickeln, die heimische Mundart, \u201edas Nordh\u00fcmmlinger<br \/>\nPlattd\u00fctsk\u201c zu pflegen und zu f\u00f6rdern.<\/p>\n<p>2. Kunst und Kulturarbeit zu unterst\u00fctzen und zu f\u00f6rdern. Dieses soll durch Ausstellungen, Lesungen, Vortr\u00e4ge, Durchf\u00fchrung kulturelle Veranstaltungen und die Unterst\u00fctzung Kunst- und Kulturschaffender geschehen. Der Verein soll gegenst\u00e4ndliche, bildende und geistige Werke der Menschen, (geschaffene Werte und Werke) sch\u00fctzen und erhalten.<\/p>\n<p>3. Die Geschichte des Ortes und der B\u00f6rger Mark, zu erforschen und das Bewusstsein der eigenen Geschichte in der Bev\u00f6lkerung zu vertiefen.<\/p>\n<p>4. Das nat\u00fcrliche Landschaftsbild, die Pflanzen- und Tierwelt zu hegen, Naturdenkmale zu pflegen und dadurch zu erhalten.<\/p>\n<p>5. Die heimischen Baudenkm\u00e4ler zu erhalten und zu sch\u00fctzen und die heimische Dorf-, Bau- und Wohnkultur zu pflegen und fortzubilden.<\/p>\n<p>6. Alle Bestrebungen, die der Pflege der Heimatliebe und des Heimatstolzes dienen in allen Bev\u00f6lkerungsschichten zu unterst\u00fctzen.<\/strong><\/p>\n<p>In diesem Bereichen will man selbst t\u00e4tig werden, sowie Gruppen und Einzelne unterst\u00fctzen und behilflich sein sowie anregen. Auch berechtigte Kritik an Ma\u00dfnahmen und Aktivit\u00e4ten in der Gemeinde, die den Zielen des Vereins entgegen stehen, sollen \u00f6ffentlich gemacht werden. Eine bei Gr\u00fcndung des Vereins nicht genau definierte Aufgabe geh\u00f6rt nat\u00fcrlicherweise auch zu den Aufgaben des Heimatvereine. Es ist der<\/p>\n<p><strong>6a. aktive Umweltschutz.<\/strong><\/p>\n<p>Der Heimatverein B\u00f6rger hat sein Domizil im Heimathaus, dem &#8222;Walkem\u00fcllerhaus&#8220;. Das Haus liegt idylisch an den Dorftr\u00e4nken up\u00b4n Riegen in B\u00f6rger, an einem Natur- und Landschaftsschutzgebiet. Es wird vielseitig vom Heimatverein, der Gemeinde und Organisationen des Fremdenverkehrs und der Kultur genutzt. Eine Remise die von 1990 bis 2014 gegen\u00fcber des Heimathauses stand ist bauf\u00e4llig abgetragen worden und 2014 bis 2019 durch ein Mehrzweckgeb\u00e4ude, der &#8222;Zehntscheune&#8220; ersetzt worden. Hier ist eine historische Sammlung, ein au\u00dferschulischer Lernstandort, ein Archiv und Arbeitsr\u00e4ume entstanden.<\/p>\n<p>Der Heimatverein B\u00f6rger arbeitet in Sachen Kultur (nach Wikipedia: &#8212; ist im weitesten Sinne alles, was der Mensch selbst gestaltend hervorbringt, im Unterschied zu der von ihm nicht geschaffenen und nicht ver\u00e4nderten Natur. Kulturleistungen sind alle formenden Umgestaltungen eines gegebenen Materials, wie in der Technik oder der bildenden Kunst, aber auch geistige Gebilde wie Moral, Religion, Recht, Wirtschaft und Wissenschaft (f\u00fcr die Menschen).<\/p>\n<p><strong>Was wir nicht wollen, <\/strong><br \/>\nist die Zwietracht unter den in B\u00f6rger lebenden Gruppen oder Personen. Last uns Gegenwart und die Zukunft gemeinsam besser machen und entwickeln, so gut wie jeder kann! Wilhelm Busch, der Lehrer und Vision\u00e4r kannte sich als Vordenker im Leben aus, und hat neben seiner Sammelleidenschaft, in einem kleinen Gedicht viel verpackt, wovor wir uns h\u00fcten sollten. &#8211; <a href=\"http:\/\/heimatverein.he-webpack.de\/?page_id=9081\">So nicht<\/a>!<\/p>\n","protected":false},"excerpt":{"rendered":"<p>Der Heimatverein B\u00f6rger e.V. ist noch ein junger Verein. In den 80er Jahren des vorigen Jahrhunderts starteten das Land Niedersachsen und der Landkreis Emsland das Projekt &#8222;Dorferneuerung&#8220;. Auch in B\u00f6rger wurde ein Ausschuss zur Dorferneuerung gegr\u00fcndet und es wurden Projekte gestartet. Private und kommunale Investoren restaurierten wertvolle Bausubstanz des Ortsbildes. In diesem Zusammenhang wurde auch [&#8230;]<\/p>\n","protected":false},"author":2,"featured_media":0,"parent":140,"menu_order":3,"comment_status":"closed","ping_status":"open","template":"","meta":{"ngg_post_thumbnail":0,"footnotes":""},"class_list":["post-249","page","type-page","status-publish","hentry","odd"],"_links":{"self":[{"href":"https:\/\/heimatverein.he-webpack.de\/index.php?rest_route=\/wp\/v2\/pages\/249","targetHints":{"allow":["GET"]}}],"collection":[{"href":"https:\/\/heimatverein.he-webpack.de\/index.php?rest_route=\/wp\/v2\/pages"}],"about":[{"href":"https:\/\/heimatverein.he-webpack.de\/index.php?rest_route=\/wp\/v2\/types\/page"}],"author":[{"embeddable":true,"href":"https:\/\/heimatverein.he-webpack.de\/index.php?rest_route=\/wp\/v2\/users\/2"}],"replies":[{"embeddable":true,"href":"https:\/\/heimatverein.he-webpack.de\/index.php?rest_route=%2Fwp%2Fv2%2Fcomments&post=249"}],"version-history":[{"count":48,"href":"https:\/\/heimatverein.he-webpack.de\/index.php?rest_route=\/wp\/v2\/pages\/249\/revisions"}],"predecessor-version":[{"id":12967,"href":"https:\/\/heimatverein.he-webpack.de\/index.php?rest_route=\/wp\/v2\/pages\/249\/revisions\/12967"}],"up":[{"embeddable":true,"href":"https:\/\/heimatverein.he-webpack.de\/index.php?rest_route=\/wp\/v2\/pages\/140"}],"wp:attachment":[{"href":"https:\/\/heimatverein.he-webpack.de\/index.php?rest_route=%2Fwp%2Fv2%2Fmedia&parent=249"}],"curies":[{"name":"wp","href":"https:\/\/api.w.org\/{rel}","templated":true}]}}

<p>Der <strong>Heimatverein Börger e.V.</strong> ist noch ein junger Verein. In den 80er Jahren des vorigen Jahrhunderts starteten das Land Niedersachsen und der Landkreis Emsland das Projekt &#8222;Dorferneuerung&#8220;. Auch in Börger wurde ein Ausschuss zur Dorferneuerung gegründet und es wurden Projekte gestartet. Private und kommunale Investoren restaurierten wertvolle Bausubstanz des Ortsbildes. In diesem Zusammenhang wurde auch das Heimathaus Börger seiner Vollendung zugeführt und man entschloss sich, einen Heimatverein zu gründen, der dieses Haus mit Leben erfüllen sollte. </p>
<p>Der Heimatverein Börger solle ein Zusammenschluss der Börger Vereine und Privatpersonen sein, die sich für das Dorf und den Heimatgedanken einsetzen. So geschah es am 05. Dezember 1987, man gründete den Heimatverein Börger. Am ersten Tag traten gleich 51 Mitglieder dem neuen Verein bei. Der Verein wurde beim Amtsgericht ins Vereinsregister eingetragen und man gab sich eine Satzung. Diese wurde später angepasst. </p>
<p><a href="http://heimatverein.he-webpack.de/?page_id=4698">Neue Satzung des Heimatverein Börger</a></p>
<p> (Änderung und Anpassung der Gründungssatzung vom 04.12.1987, am 24.03.2019).</p>
<p><a href="http://heimatverein.he-webpack.de/wp-content/uploads/2023/04/Vorstand-HV-900-2.jpg" rel="lightbox[249]"><img loading="lazy" decoding="async" src="http://heimatverein.he-webpack.de/wp-content/uploads/2023/04/Vorstand-HV-900-2-200x150.jpg" alt="" width="200" height="150" class="alignright size-thumbnail wp-image-11454" /></a></p>
<p>Zum ersten Vorsitzenden wählte man Benedikt Müller (Andrees-Bene), der sich schon wie viele Neumitglieder auch, bei der Dorferneuerung eingebracht hatte. Zum stellvertretenden Vorsitzenden wählte man auf der konstituierenden Sitzung Liborius Geers, Schriftwart wurde Heinrich Wesseln (der später den Vorsitz übernahm), Kassenwart wurde Josef Schmees. Heute hat der Heimatverein Börger e.V. ca. 325 Mitglieder (Stand März 2015) und ist in vielen Arbeitskreisen für den Ort aktiv. </p>
<p>Mit den Jahren sind die Mitglieder älter geworden. Viele sind gestorben und neue Mitglieder finden selten den Weg zum Heimatverein. Durch besondere Aktionen (Baumaßnahmen, Vorstandswechsel, Arbeit mit Kindern, Ausstellungen und Plattproater-Kaffee) zeichnen doch ab und an, jüngere Mitglieder einen Aufnahmeantrag.</p>
<p>Der Verein hat sich zum Ziel gesetzt, </p>
<p><strong>1. Verständnis in allen Schichten der Bevölkerung für die dörfliche Volkskultur zu wecken,<br />
das Brauchtum zu hegen und sinnvoll zu entwickeln, die heimische Mundart, „das Nordhümmlinger<br />
Plattdütsk“ zu pflegen und zu fördern.</p>
<p>2. Kunst und Kulturarbeit zu unterstützen und zu fördern. Dieses soll durch Ausstellungen, Lesungen, Vorträge, Durchführung kulturelle Veranstaltungen und die Unterstützung Kunst- und Kulturschaffender geschehen. Der Verein soll gegenständliche, bildende und geistige Werke der Menschen, (geschaffene Werte und Werke) schützen und erhalten.</p>
<p>3. Die Geschichte des Ortes und der Börger Mark, zu erforschen und das Bewusstsein der eigenen Geschichte in der Bevölkerung zu vertiefen.</p>
<p>4. Das natürliche Landschaftsbild, die Pflanzen- und Tierwelt zu hegen, Naturdenkmale zu pflegen und dadurch zu erhalten.</p>
<p>5. Die heimischen Baudenkmäler zu erhalten und zu schützen und die heimische Dorf-, Bau- und Wohnkultur zu pflegen und fortzubilden.</p>
<p>6. Alle Bestrebungen, die der Pflege der Heimatliebe und des Heimatstolzes dienen in allen Bevölkerungsschichten zu unterstützen.</strong></p>
<p>In diesem Bereichen will man selbst tätig werden, sowie Gruppen und Einzelne unterstützen und behilflich sein sowie anregen. Auch berechtigte Kritik an Maßnahmen und Aktivitäten in der Gemeinde, die den Zielen des Vereins entgegen stehen, sollen öffentlich gemacht werden. Eine bei Gründung des Vereins nicht genau definierte Aufgabe gehört natürlicherweise auch zu den Aufgaben des Heimatvereine. Es ist der</p>
<p><strong>6a. aktive Umweltschutz.</strong></p>
<p>Der Heimatverein Börger hat sein Domizil im Heimathaus, dem &#8222;Walkemüllerhaus&#8220;. Das Haus liegt idylisch an den Dorftränken up´n Riegen in Börger, an einem Natur- und Landschaftsschutzgebiet. Es wird vielseitig vom Heimatverein, der Gemeinde und Organisationen des Fremdenverkehrs und der Kultur genutzt. Eine Remise die von 1990 bis 2014 gegenüber des Heimathauses stand ist baufällig abgetragen worden und 2014 bis 2019 durch ein Mehrzweckgebäude, der &#8222;Zehntscheune&#8220; ersetzt worden. Hier ist eine historische Sammlung, ein außerschulischer Lernstandort, ein Archiv und Arbeitsräume entstanden.</p>
<p>Der Heimatverein Börger arbeitet in Sachen Kultur (nach Wikipedia: &#8212; ist im weitesten Sinne alles, was der Mensch selbst gestaltend hervorbringt, im Unterschied zu der von ihm nicht geschaffenen und nicht veränderten Natur. Kulturleistungen sind alle formenden Umgestaltungen eines gegebenen Materials, wie in der Technik oder der bildenden Kunst, aber auch geistige Gebilde wie Moral, Religion, Recht, Wirtschaft und Wissenschaft (für die Menschen).</p>
<p><strong>Was wir nicht wollen, </strong><br />
ist die Zwietracht unter den in Börger lebenden Gruppen oder Personen. Last uns Gegenwart und die Zukunft gemeinsam besser machen und entwickeln, so gut wie jeder kann! Wilhelm Busch, der Lehrer und Visionär kannte sich als Vordenker im Leben aus, und hat neben seiner Sammelleidenschaft, in einem kleinen Gedicht viel verpackt, wovor wir uns hüten sollten. &#8211; <a href="http://heimatverein.he-webpack.de/?page_id=9081">So nicht</a>!</p>

<p>Der Heimatverein Börger e.V. ist noch ein junger Verein. In den 80er Jahren des vorigen Jahrhunderts starteten das Land Niedersachsen und der Landkreis Emsland das Projekt &#8222;Dorferneuerung&#8220;. Auch in Börger wurde ein Ausschuss zur Dorferneuerung gegründet und es wurden Projekte gestartet. Private und kommunale Investoren restaurierten wertvolle Bausubstanz des Ortsbildes. In diesem Zusammenhang wurde auch [&#8230;]</p>
