{"id":1015,"date":"2010-02-09T13:53:17","date_gmt":"2010-02-09T12:53:17","guid":{"rendered":"http:\/\/heimatverein.he-webpack.de\/?page_id=1015"},"modified":"2010-02-09T14:03:26","modified_gmt":"2010-02-09T13:03:26","slug":"borger-geschichte-des-hummlingdorfes","status":"publish","type":"page","link":"https:\/\/heimatverein.he-webpack.de\/?page_id=1015","title":{"rendered":"B\u00f6rger &#8211; Geschichte des H\u00fcmmlingdorfes"},"content":{"rendered":"<p>Aus einer Idee auf dem Heimatabend des Heimatvereins B\u00f6rger im Nov. 2002, entwickelte sich das Vorhaben neben der Jahresschrift \u201eUse Borger\u201c eine <strong>\u201eChronik\u201c <\/strong>von B\u00f6rger aufzulegen. In den Folgemonaten bildete sich aus den Autoren der Jahresschrift \u201eUse Borger\u201c ein kleiner Stab zu Vorbereitung des Projektes \u201eB\u00f6rger \u2013 Geschichte\u201c. Unter der Leitung und der Federf\u00fchrung von Reinhard Rolfes und mit Erfahrungen des AK Geschichte ging man an das Werk. Die Koordination \u00fcbernahmen Hans Geers und Hermann Ubbenjans. Die Redaktion oblag Reinhard Rolfes. In den Folgemonaten wurden viele Personen angesprochen und besucht. Es bildete sich ein Mitarbeiterstab von letztlich 32 Autoren und weiteren 20 Helfern, die in ehrenamtlicher Arbeit Archive besuchten, pers\u00f6nlich Einzelne und Familien ansprachen und Materialien sammelten. Fachleute aus allen Bereichen kamen zusammen, die alle aufopferungsvoll und ehrenamtlich ihr Wissen einbrachten und das Buch zu einem lebendigen, professionellen Werk machen, das sich gegen\u00fcber anderen Chroniken hervorhebt. Bislang verloren geglaubte Unterlagen der Pfarrei St. Jodokus wurden wieder gefunden und gesichert (Aufarbeitung des gesamten Pfarrarchives durch professionelle Archivare)<\/p>\n<p><div id=\"attachment_1016\" style=\"width: 223px\" class=\"wp-caption alignright\"><img loading=\"lazy\" decoding=\"async\" aria-describedby=\"caption-attachment-1016\" src=\"http:\/\/heimatverein.he-webpack.de\/wp-content\/uploads\/2010\/02\/Deckbl-213x300.jpg\" alt=\"Umfangreiche Sammlung von Informationen \u00fcber den H\u00fcmmlingort B\u00f6rger - Von Reinhard Rolfes, Hans Geers und Herm. Ubbenjans\" title=\"Chronik B\u00f6rger\" width=\"213\" height=\"300\" class=\"size-medium wp-image-1016\" srcset=\"https:\/\/heimatverein.he-webpack.de\/wp-content\/uploads\/2010\/02\/Deckbl-213x300.jpg 213w, https:\/\/heimatverein.he-webpack.de\/wp-content\/uploads\/2010\/02\/Deckbl.jpg 300w\" sizes=\"auto, (max-width: 213px) 100vw, 213px\" \/><p id=\"caption-attachment-1016\" class=\"wp-caption-text\">Umfangreiche Sammlung von Informationen \u00fcber den H\u00fcmmlingort B\u00f6rger - Von Reinhard Rolfes, Hans Geers und Herm. Ubbenjans<\/p><\/div>Der Blick ins Inhaltverzeichnis l\u00e4sst schon erahnen, wie intensiv, kreativ und wissenschaftlich fundiert gearbeitet wurde. Fast 1000 Seiten dick ist es geworden. Es bietet einen \u00dcberblick \u00fcber den Ort und seine Neusiedlungen in der B\u00f6rger Mark, von den Anf\u00e4ngen des Ortes, der Geografie, Geologie, der ersten Erw\u00e4hnung des Ortes, deren Einwohner und Besonderheiten bis \u00fcber das Mittelalter, dem Entstehen der Hofstellen (Erben, K\u00f6tter, Brinksitzer), der Kirchengeschichte, Schulgeschichte, Politik, Wirtschafts- und Waldgeschichte, Wanderungs- und Siedlungsgeschichte des Kirchspiels B\u00f6rger, Krieg sowie Freud und Leid bis in die Jetztzeit. <\/p>\n<p>Es sollte in keinem Haushalt fehlen. Jeder, der B\u00f6rger seine Heimat nennt oder der seine Wurzeln in B\u00f6rger hat findet in diesem Buch bislang unver\u00f6ffentlichte Begebenheiten. Deshalb ist es f\u00fcr die B\u00fcrger der B\u00f6rger Neusiedlungen Breddenberg, Neub\u00f6rger, B\u00f6rgerwald und B\u00f6rgermoor sowie f\u00fcr B\u00f6rgeraner eine hervorragende Informationsquelle \u00fcber die Vorfahren, aber auch \u00fcber die Entstehung ihrer Orte. <\/p>\n<p>Sie erhalten diese Chronik beim Heimatverein B\u00f6rger. Infos auf den Seiten: <a href=\"http:\/\/www.use-borger.de\">USE BORGER<\/a><\/p>\n","protected":false},"excerpt":{"rendered":"<p>Aus einer Idee auf dem Heimatabend des Heimatvereins B\u00f6rger im Nov. 2002, entwickelte sich das Vorhaben neben der Jahresschrift \u201eUse Borger\u201c eine \u201eChronik\u201c von B\u00f6rger aufzulegen. In den Folgemonaten bildete sich aus den Autoren der Jahresschrift \u201eUse Borger\u201c ein kleiner Stab zu Vorbereitung des Projektes \u201eB\u00f6rger \u2013 Geschichte\u201c. Unter der Leitung und der Federf\u00fchrung von [&#8230;]<\/p>\n","protected":false},"author":2,"featured_media":0,"parent":0,"menu_order":0,"comment_status":"closed","ping_status":"open","template":"","meta":{"ngg_post_thumbnail":0,"footnotes":""},"class_list":["post-1015","page","type-page","status-publish","hentry","odd"],"_links":{"self":[{"href":"https:\/\/heimatverein.he-webpack.de\/index.php?rest_route=\/wp\/v2\/pages\/1015","targetHints":{"allow":["GET"]}}],"collection":[{"href":"https:\/\/heimatverein.he-webpack.de\/index.php?rest_route=\/wp\/v2\/pages"}],"about":[{"href":"https:\/\/heimatverein.he-webpack.de\/index.php?rest_route=\/wp\/v2\/types\/page"}],"author":[{"embeddable":true,"href":"https:\/\/heimatverein.he-webpack.de\/index.php?rest_route=\/wp\/v2\/users\/2"}],"replies":[{"embeddable":true,"href":"https:\/\/heimatverein.he-webpack.de\/index.php?rest_route=%2Fwp%2Fv2%2Fcomments&post=1015"}],"version-history":[{"count":5,"href":"https:\/\/heimatverein.he-webpack.de\/index.php?rest_route=\/wp\/v2\/pages\/1015\/revisions"}],"predecessor-version":[{"id":1018,"href":"https:\/\/heimatverein.he-webpack.de\/index.php?rest_route=\/wp\/v2\/pages\/1015\/revisions\/1018"}],"wp:attachment":[{"href":"https:\/\/heimatverein.he-webpack.de\/index.php?rest_route=%2Fwp%2Fv2%2Fmedia&parent=1015"}],"curies":[{"name":"wp","href":"https:\/\/api.w.org\/{rel}","templated":true}]}}