{"id":6603,"date":"2017-01-16T17:30:18","date_gmt":"2017-01-16T16:30:18","guid":{"rendered":"http:\/\/heimatverein.he-webpack.de\/?page_id=6603"},"modified":"2017-01-17T04:15:30","modified_gmt":"2017-01-17T03:15:30","slug":"zukunftsplanung-von-heimatverein-und-gemeinde","status":"publish","type":"page","link":"http:\/\/heimatverein.he-webpack.de\/?page_id=6603","title":{"rendered":"Zukunftsplanung von Heimatverein und Gemeinde"},"content":{"rendered":"<p><div id=\"attachment_6605\" style=\"width: 310px\" class=\"wp-caption alignright\"><a href=\"http:\/\/heimatverein.he-webpack.de\/wp-content\/uploads\/2017\/01\/HS-Jahresempfang.jpg\" rel=\"attachment wp-att-6605\" rel=\"lightbox[6603]\"><img loading=\"lazy\" decoding=\"async\" aria-describedby=\"caption-attachment-6605\" src=\"http:\/\/heimatverein.he-webpack.de\/wp-content\/uploads\/2017\/01\/HS-Jahresempfang-300x261.jpg\" alt=\"Bericht des Vereinsvorsitzenden\" width=\"300\" height=\"261\" class=\"size-medium wp-image-6605\" srcset=\"http:\/\/heimatverein.he-webpack.de\/wp-content\/uploads\/2017\/01\/HS-Jahresempfang-300x261.jpg 300w, http:\/\/heimatverein.he-webpack.de\/wp-content\/uploads\/2017\/01\/HS-Jahresempfang-768x669.jpg 768w, http:\/\/heimatverein.he-webpack.de\/wp-content\/uploads\/2017\/01\/HS-Jahresempfang-1024x892.jpg 1024w, http:\/\/heimatverein.he-webpack.de\/wp-content\/uploads\/2017\/01\/HS-Jahresempfang-150x131.jpg 150w, http:\/\/heimatverein.he-webpack.de\/wp-content\/uploads\/2017\/01\/HS-Jahresempfang-400x348.jpg 400w, http:\/\/heimatverein.he-webpack.de\/wp-content\/uploads\/2017\/01\/HS-Jahresempfang.jpg 1200w\" sizes=\"auto, (max-width: 300px) 100vw, 300px\" \/><\/a><p id=\"caption-attachment-6605\" class=\"wp-caption-text\">Bericht des Vereinsvorsitzenden<\/p><\/div>15.01.2017 UB &#8211; Beim Jahresempfang im Heimathaus B\u00f6rger brachten es <strong>B\u00fcrgermeister J\u00fcrgen Ermes und HV-Vorsitzender Hermann Schmitz<\/strong> auf dem Punkt. Ziel des Rates und der Gemeindeverwaltung ist die positive Weiterentwicklung des Ortes zum Wohle der B\u00fcrger. <\/p>\n<p>So sei von Seiten des Heimatvereines die <strong>Fertigstellung der Zehntscheune<\/strong> Ziel des Jahres 2017. Und dann laufen Planungen f\u00fcr die Ausrichtung des <strong>Kreisheimattages 2018 in B\u00f6rger<\/strong>, wenn die Zehntscheune fertig ist.<br \/>\nJ\u00fcrgen Ermes bedankte sich beim Jahresempfang bei den Ehrenamtlichen des Heimatvereines, aber auch bei allen <strong>Ehrenamtlichen in den B\u00f6rger<\/strong> Vereinen und Organisationen. Die Ehrenamtlichkeit ist Gradmesser f\u00fcr das Funktionieren einer Kommune. So sieht man es auch beim Vorstand des Heimatvereines B\u00f6rger.<br \/>\nIm Fr\u00fchjahr werde man zusammen mit den Verantwortlichen des DJK Eintracht B\u00f6rger <strong>die neuen Trainingspl\u00e4tze<\/strong> einweihen, erkl\u00e4rte der B\u00fcrgermeister, um den Ausweichplatz beim Schulzentrum der in Teilen abg\u00e4ngig ist, zu entlasten.<br \/>\nDer B\u00fcrgermeister gab der Hoffnung Ausdruck, dass man im Herbst dann Neueinweihung der <strong>B\u00f6rger Grundschule<\/strong>, nach einem Umbau, feiern k\u00f6nne. Tr\u00e4ger der Schule ist die Samtgemeinde S\u00f6gel. Die Gemeinde B\u00f6rger unterst\u00fctzt die Bauma\u00dfnahmen mit der Finanzierung einer \u00fcberdachten Aula, eines Pausen- und Aufenthaltsraumes am Geb\u00e4ude.<br \/>\nF\u00fcr die B\u00fcrger werde kurzfristig, noch vor dem Fr\u00fchling, der <strong>Spartenstich f\u00fcr die neue Turnhalle<\/strong> am Schulzentrum gemacht, damit die schulische Einheit komplettiert wird (Grundschule, Realschule, Schwimmbad, Sportplatz und Sporthalle auf einem Areal). Nat\u00fcrlich ist die Gro\u00dfraumturnhalle dann auch f\u00fcr die Vereine und Gruppen offen. Man hofft dass diese Bauma\u00dfnahme z\u00fcgig voranschreitet.<br \/>\nMit der Vergabe von <strong>Baugrundst\u00fccken f\u00fcr Einfamilienh\u00e4user<\/strong> im Baugebiet \u201eGro\u00dfer Sand\u201c (hinter der Pater-Augustin-Stra\u00dfe noch im Januar, wird Bauwilligen Platz geboten (junge Familien und Familien mit Kindern werden die Grundst\u00fccke zum Vorzugspreis erhalten). Desweiteren sind im Gewerbegebiet Grundst\u00fccke f\u00fcr eine Erweiterung des Gebietes angekauft worden, um neue Betriebe anzusiedeln.<br \/>\nDie <strong>Homepage der Gemeinde B\u00f6rger<\/strong> wird in den n\u00e4chsten Wochen wieder eingerichtet werden, damit Informationen \u00fcber die Gemeinde weltweit im Netz zu bekommen sind.<br \/>\nMit der Neukonstituierung des Rates nach der Kommunalwahl am 11. September hat eine neue Mannschaft im November 2016 die Arbeit aufgenommen. Viel Arbeit liegt vor den Abgeordneten aus SPD, CDU und WG um den Ort gedeihlich weiterzuentwickeln. Und auch dem Heimatverein steht mit dem Ausbau des Mehrzweckgeb\u00e4udes, der Zehntscheune viel Arbeit ins Haus.<\/p>\n","protected":false},"excerpt":{"rendered":"<p><p id=\"caption-attachment-6605\" class=\"wp-caption-text\">Bericht des Vereinsvorsitzenden<\/p>\n<p>15.01.2017 UB &#8211; Beim Jahresempfang im Heimathaus B\u00f6rger brachten es B\u00fcrgermeister J\u00fcrgen Ermes und HV-Vorsitzender Hermann Schmitz auf dem Punkt. Ziel des Rates und der Gemeindeverwaltung ist die positive Weiterentwicklung des Ortes zum Wohle der B\u00fcrger. <\/p>\n<p>So sei von Seiten des Heimatvereines die Fertigstellung der Zehntscheune Ziel des Jahres 2017. [&#8230;]<\/p>\n","protected":false},"author":2,"featured_media":0,"parent":0,"menu_order":0,"comment_status":"closed","ping_status":"closed","template":"","meta":{"ngg_post_thumbnail":0,"footnotes":""},"class_list":["post-6603","page","type-page","status-publish","hentry","odd"],"_links":{"self":[{"href":"http:\/\/heimatverein.he-webpack.de\/index.php?rest_route=\/wp\/v2\/pages\/6603","targetHints":{"allow":["GET"]}}],"collection":[{"href":"http:\/\/heimatverein.he-webpack.de\/index.php?rest_route=\/wp\/v2\/pages"}],"about":[{"href":"http:\/\/heimatverein.he-webpack.de\/index.php?rest_route=\/wp\/v2\/types\/page"}],"author":[{"embeddable":true,"href":"http:\/\/heimatverein.he-webpack.de\/index.php?rest_route=\/wp\/v2\/users\/2"}],"replies":[{"embeddable":true,"href":"http:\/\/heimatverein.he-webpack.de\/index.php?rest_route=%2Fwp%2Fv2%2Fcomments&post=6603"}],"version-history":[{"count":9,"href":"http:\/\/heimatverein.he-webpack.de\/index.php?rest_route=\/wp\/v2\/pages\/6603\/revisions"}],"predecessor-version":[{"id":6607,"href":"http:\/\/heimatverein.he-webpack.de\/index.php?rest_route=\/wp\/v2\/pages\/6603\/revisions\/6607"}],"wp:attachment":[{"href":"http:\/\/heimatverein.he-webpack.de\/index.php?rest_route=%2Fwp%2Fv2%2Fmedia&parent=6603"}],"curies":[{"name":"wp","href":"https:\/\/api.w.org\/{rel}","templated":true}]}}

<p><div id="attachment_6605" style="width: 310px" class="wp-caption alignright"><a href="http://heimatverein.he-webpack.de/wp-content/uploads/2017/01/HS-Jahresempfang.jpg" rel="attachment wp-att-6605" rel="lightbox[6603]"><img loading="lazy" decoding="async" aria-describedby="caption-attachment-6605" src="http://heimatverein.he-webpack.de/wp-content/uploads/2017/01/HS-Jahresempfang-300x261.jpg" alt="Bericht des Vereinsvorsitzenden" width="300" height="261" class="size-medium wp-image-6605" srcset="http://heimatverein.he-webpack.de/wp-content/uploads/2017/01/HS-Jahresempfang-300x261.jpg 300w, http://heimatverein.he-webpack.de/wp-content/uploads/2017/01/HS-Jahresempfang-768x669.jpg 768w, http://heimatverein.he-webpack.de/wp-content/uploads/2017/01/HS-Jahresempfang-1024x892.jpg 1024w, http://heimatverein.he-webpack.de/wp-content/uploads/2017/01/HS-Jahresempfang-150x131.jpg 150w, http://heimatverein.he-webpack.de/wp-content/uploads/2017/01/HS-Jahresempfang-400x348.jpg 400w, http://heimatverein.he-webpack.de/wp-content/uploads/2017/01/HS-Jahresempfang.jpg 1200w" sizes="auto, (max-width: 300px) 100vw, 300px" /></a><p id="caption-attachment-6605" class="wp-caption-text">Bericht des Vereinsvorsitzenden</p></div>15.01.2017 UB &#8211; Beim Jahresempfang im Heimathaus Börger brachten es <strong>Bürgermeister Jürgen Ermes und HV-Vorsitzender Hermann Schmitz</strong> auf dem Punkt. Ziel des Rates und der Gemeindeverwaltung ist die positive Weiterentwicklung des Ortes zum Wohle der Bürger. </p>
<p>So sei von Seiten des Heimatvereines die <strong>Fertigstellung der Zehntscheune</strong> Ziel des Jahres 2017. Und dann laufen Planungen für die Ausrichtung des <strong>Kreisheimattages 2018 in Börger</strong>, wenn die Zehntscheune fertig ist.<br />
Jürgen Ermes bedankte sich beim Jahresempfang bei den Ehrenamtlichen des Heimatvereines, aber auch bei allen <strong>Ehrenamtlichen in den Börger</strong> Vereinen und Organisationen. Die Ehrenamtlichkeit ist Gradmesser für das Funktionieren einer Kommune. So sieht man es auch beim Vorstand des Heimatvereines Börger.<br />
Im Frühjahr werde man zusammen mit den Verantwortlichen des DJK Eintracht Börger <strong>die neuen Trainingsplätze</strong> einweihen, erklärte der Bürgermeister, um den Ausweichplatz beim Schulzentrum der in Teilen abgängig ist, zu entlasten.<br />
Der Bürgermeister gab der Hoffnung Ausdruck, dass man im Herbst dann Neueinweihung der <strong>Börger Grundschule</strong>, nach einem Umbau, feiern könne. Träger der Schule ist die Samtgemeinde Sögel. Die Gemeinde Börger unterstützt die Baumaßnahmen mit der Finanzierung einer überdachten Aula, eines Pausen- und Aufenthaltsraumes am Gebäude.<br />
Für die Bürger werde kurzfristig, noch vor dem Frühling, der <strong>Spartenstich für die neue Turnhalle</strong> am Schulzentrum gemacht, damit die schulische Einheit komplettiert wird (Grundschule, Realschule, Schwimmbad, Sportplatz und Sporthalle auf einem Areal). Natürlich ist die Großraumturnhalle dann auch für die Vereine und Gruppen offen. Man hofft dass diese Baumaßnahme zügig voranschreitet.<br />
Mit der Vergabe von <strong>Baugrundstücken für Einfamilienhäuser</strong> im Baugebiet „Großer Sand“ (hinter der Pater-Augustin-Straße noch im Januar, wird Bauwilligen Platz geboten (junge Familien und Familien mit Kindern werden die Grundstücke zum Vorzugspreis erhalten). Desweiteren sind im Gewerbegebiet Grundstücke für eine Erweiterung des Gebietes angekauft worden, um neue Betriebe anzusiedeln.<br />
Die <strong>Homepage der Gemeinde Börger</strong> wird in den nächsten Wochen wieder eingerichtet werden, damit Informationen über die Gemeinde weltweit im Netz zu bekommen sind.<br />
Mit der Neukonstituierung des Rates nach der Kommunalwahl am 11. September hat eine neue Mannschaft im November 2016 die Arbeit aufgenommen. Viel Arbeit liegt vor den Abgeordneten aus SPD, CDU und WG um den Ort gedeihlich weiterzuentwickeln. Und auch dem Heimatverein steht mit dem Ausbau des Mehrzweckgebäudes, der Zehntscheune viel Arbeit ins Haus.</p>

<p><p id="caption-attachment-6605" class="wp-caption-text">Bericht des Vereinsvorsitzenden</p>
<p>15.01.2017 UB &#8211; Beim Jahresempfang im Heimathaus Börger brachten es Bürgermeister Jürgen Ermes und HV-Vorsitzender Hermann Schmitz auf dem Punkt. Ziel des Rates und der Gemeindeverwaltung ist die positive Weiterentwicklung des Ortes zum Wohle der Bürger. </p>
<p>So sei von Seiten des Heimatvereines die Fertigstellung der Zehntscheune Ziel des Jahres 2017. [&#8230;]</p>
