{"id":5486,"date":"2016-01-11T14:23:50","date_gmt":"2016-01-11T13:23:50","guid":{"rendered":"http:\/\/heimatverein.he-webpack.de\/?page_id=5486"},"modified":"2016-01-12T11:04:10","modified_gmt":"2016-01-12T10:04:10","slug":"plattduetsk-lutt-moj","status":"publish","type":"page","link":"http:\/\/heimatverein.he-webpack.de\/?page_id=5486","title":{"rendered":"Plattd\u00fctsk lutt moj"},"content":{"rendered":"<p><a href=\"http:\/\/heimatverein.he-webpack.de\/wp-content\/uploads\/2016\/01\/Plattproat1200.jpg\" rel=\"attachment wp-att-5487\" rel=\"lightbox[5486]\"><img loading=\"lazy\" decoding=\"async\" src=\"http:\/\/heimatverein.he-webpack.de\/wp-content\/uploads\/2016\/01\/Plattproat1200-300x204.jpg\" alt=\"Plattproat1200\" width=\"300\" height=\"204\" class=\"alignright size-medium wp-image-5487\" srcset=\"http:\/\/heimatverein.he-webpack.de\/wp-content\/uploads\/2016\/01\/Plattproat1200-300x204.jpg 300w, http:\/\/heimatverein.he-webpack.de\/wp-content\/uploads\/2016\/01\/Plattproat1200-768x523.jpg 768w, http:\/\/heimatverein.he-webpack.de\/wp-content\/uploads\/2016\/01\/Plattproat1200-1024x697.jpg 1024w, http:\/\/heimatverein.he-webpack.de\/wp-content\/uploads\/2016\/01\/Plattproat1200-150x102.jpg 150w, http:\/\/heimatverein.he-webpack.de\/wp-content\/uploads\/2016\/01\/Plattproat1200-400x272.jpg 400w, http:\/\/heimatverein.he-webpack.de\/wp-content\/uploads\/2016\/01\/Plattproat1200.jpg 1200w\" sizes=\"auto, (max-width: 300px) 100vw, 300px\" \/><\/a>12.01.2016 UB &#8211; As wi van Vorstand in Oktober 2015 in Lorpe bi\u00b4n Kreisheimatverein toauhope koam b\u00fcnnt, is vertellt woarn, dat dej Kreisheimatvereine un oak de Emslaendische Heimatbund dat Joahr 2016 as &#8222;Plattd\u00fcsket Joahr utroap habb. Un hoert is toau, disse Versammlung was, so habb ik vernoamen, komplett in Platt. Alle hab Platt proatet. Dat habb ik noch nich hoert. In 2016 g\u00fcff dat dann, wenn dat so klappt oaverall plattd\u00fcske St\u00fcppen, oaverall woar dej Vereine un dej Luee uptraeet. In Borger habb wi siet Joahren dat &#8222;Plattproater Kaffee&#8220; un oak in Use Borger b\u00fcnnt f\u00f6r 2016 (wie siet Joahren in alle Utgaben) w\u00e4r Schriefst\u00fccke in un oaver Platt toau finnen. Wiedere St\u00fcppen will wi oak bi usen Internetuptritt setten. &#8211; Mit dissen Schrieb will wie anfangen.<\/p>\n<p>Un bi den Joahresuptakt nu, geef dat foart ne Overraschung. Lehrer Wesseln broachte us aine junge Asylantenfamilge ut Sri-Lanka mit, dej in Borger wall bekannt is. Wesseln Hinnek vertellde, dat dej Familgenvoar ut Sri-Lanka kump, woar hej fl\u00fcchten m\u00f6ssde, weil dej Striet, dej Krieg t\u00fcsken Tamilien un Singalesen v\u00f6r 20 Joahr eskaliert is. Sine Frau kump ut S\u00fcdost-Indien. Hej arbeitet siet langen Joahren bi Zimbo-Bell. Beide Kinder b\u00fcnnt in D\u00fctskland, bi us geborn, un hab dej Indische und Sri-Lankische und oak d\u00fctske Staatsangeh\u00f6rigkeit. Devon Fernando dej j\u00fcngste van dej Familge (draide Klasse Grundschule) dr\u00f6g us n\u00b4 Naijoahrsgru\u00df in bestem D\u00fctsk v\u00f6r, un sin Brouer Johannes Fernando (5. Klasse Gymnasium Soagel) settede noch aein drupp. Haei dr\u00f6\u00f6g in <strong><a href=\"http:\/\/heimatverein.he-webpack.de\/?page_id=986\">Plattd\u00fctsk<\/a><\/strong> aine Geschichte v\u00f6r. Beide kreegen masse Beifall f\u00f6r aere St\u00fccke. Beide proatet am leifsten D\u00fctsk, so vertellden se us, oak mit aer Paape un Maame. Dej Pape haff bi dej Arbeit D\u00fctsk leert un dej Mouder mit H\u00fclpe van Heinrich un Erika Wesseln dej D\u00fcstske Mundoart leert. Beide Kinder proatet aber oak Tamil flie\u00dfend, aehre Heimatsprache. Johannes und Devon hab all bie V\u00f6rlesewettbewerbe in Schoule Erfolge hat, un Johannes haff ne\u00b4 Hauptrolle in das Borger Musikal &#8222;Das Sams&#8220; sp\u00e4lt. Dej Familge geid dat goaud in Borger und saj b\u00fcnnt toau fr\u00e4er bi us.<\/p>\n<p>K\u00f6ster-Harm, dej Heimatvereinsvorsittende vertellde, dat nu un Borger masse L\u00fce b\u00fcnnt, dej ut Afganistan un oak annerswoar her koammt, un hier ne neije Heimat seuket, so wi dej Fernandos v\u00f6r 20 Joahr. Nett in disse Tied (Wiehnachtstied) denke wi doaran, dat oak dej Heilige Familge in \u00e4hr L\u00e4wen Fl\u00fcchtlinge in Aegypten w\u00e4hn b\u00fcnnt un die drai Waisen ut dat Morgenland, vellichte ut Persien, Syrien oder Afganistan koamen b\u00fcnnt. Doamals b\u00fcnnt dej L\u00fce, dej H\u00fclpe brukket oak nich offwiesen woarn. Wie brukket bi\u00b4n poar L\u00fce, dej bi us l\u00e4vet kiene Bange habben dat wi oaverfraomdet werd. In dej koamenden Moonde werd wi sain wo et klappt un wo man kloar kump. Aeins is sicher &#8211; disse Fl\u00fcchtlinge wullen am laiwsten wer in ehre Heimat toaur\u00fcgge, wenn dat g\u00fcng. V\u00e4hle Luee ut Borger helpet daei Fl\u00fcchtlinge. In Borger laevet ne Handvull Familgen in H\u00fcse und aeine groote Gruppe is in use ehemalige Jugendherberge unnerbrocht. Dej Familge Fernando haff s\u00fcck goaud inlaewet un kunn as Beispiel herholln.<\/p>\n","protected":false},"excerpt":{"rendered":"<p>12.01.2016 UB &#8211; As wi van Vorstand in Oktober 2015 in Lorpe bi\u00b4n Kreisheimatverein toauhope koam b\u00fcnnt, is vertellt woarn, dat dej Kreisheimatvereine un oak de Emslaendische Heimatbund dat Joahr 2016 as &#8222;Plattd\u00fcsket Joahr utroap habb. Un hoert is toau, disse Versammlung was, so habb ik vernoamen, komplett in Platt. Alle hab Platt proatet. Dat [&#8230;]<\/p>\n","protected":false},"author":2,"featured_media":0,"parent":0,"menu_order":0,"comment_status":"closed","ping_status":"closed","template":"","meta":{"ngg_post_thumbnail":0,"footnotes":""},"class_list":["post-5486","page","type-page","status-publish","hentry","odd"],"_links":{"self":[{"href":"http:\/\/heimatverein.he-webpack.de\/index.php?rest_route=\/wp\/v2\/pages\/5486","targetHints":{"allow":["GET"]}}],"collection":[{"href":"http:\/\/heimatverein.he-webpack.de\/index.php?rest_route=\/wp\/v2\/pages"}],"about":[{"href":"http:\/\/heimatverein.he-webpack.de\/index.php?rest_route=\/wp\/v2\/types\/page"}],"author":[{"embeddable":true,"href":"http:\/\/heimatverein.he-webpack.de\/index.php?rest_route=\/wp\/v2\/users\/2"}],"replies":[{"embeddable":true,"href":"http:\/\/heimatverein.he-webpack.de\/index.php?rest_route=%2Fwp%2Fv2%2Fcomments&post=5486"}],"version-history":[{"count":17,"href":"http:\/\/heimatverein.he-webpack.de\/index.php?rest_route=\/wp\/v2\/pages\/5486\/revisions"}],"predecessor-version":[{"id":5489,"href":"http:\/\/heimatverein.he-webpack.de\/index.php?rest_route=\/wp\/v2\/pages\/5486\/revisions\/5489"}],"wp:attachment":[{"href":"http:\/\/heimatverein.he-webpack.de\/index.php?rest_route=%2Fwp%2Fv2%2Fmedia&parent=5486"}],"curies":[{"name":"wp","href":"https:\/\/api.w.org\/{rel}","templated":true}]}}

Plattdütsk lutt moj

<p><a href="http://heimatverein.he-webpack.de/wp-content/uploads/2016/01/Plattproat1200.jpg" rel="attachment wp-att-5487" rel="lightbox[5486]"><img loading="lazy" decoding="async" src="http://heimatverein.he-webpack.de/wp-content/uploads/2016/01/Plattproat1200-300x204.jpg" alt="Plattproat1200" width="300" height="204" class="alignright size-medium wp-image-5487" srcset="http://heimatverein.he-webpack.de/wp-content/uploads/2016/01/Plattproat1200-300x204.jpg 300w, http://heimatverein.he-webpack.de/wp-content/uploads/2016/01/Plattproat1200-768x523.jpg 768w, http://heimatverein.he-webpack.de/wp-content/uploads/2016/01/Plattproat1200-1024x697.jpg 1024w, http://heimatverein.he-webpack.de/wp-content/uploads/2016/01/Plattproat1200-150x102.jpg 150w, http://heimatverein.he-webpack.de/wp-content/uploads/2016/01/Plattproat1200-400x272.jpg 400w, http://heimatverein.he-webpack.de/wp-content/uploads/2016/01/Plattproat1200.jpg 1200w" sizes="auto, (max-width: 300px) 100vw, 300px" /></a>12.01.2016 UB &#8211; As wi van Vorstand in Oktober 2015 in Lorpe bi´n Kreisheimatverein toauhope koam bünnt, is vertellt woarn, dat dej Kreisheimatvereine un oak de Emslaendische Heimatbund dat Joahr 2016 as &#8222;Plattdüsket Joahr utroap habb. Un hoert is toau, disse Versammlung was, so habb ik vernoamen, komplett in Platt. Alle hab Platt proatet. Dat habb ik noch nich hoert. In 2016 güff dat dann, wenn dat so klappt oaverall plattdüske Stüppen, oaverall woar dej Vereine un dej Luee uptraeet. In Borger habb wi siet Joahren dat &#8222;Plattproater Kaffee&#8220; un oak in Use Borger bünnt för 2016 (wie siet Joahren in alle Utgaben) wär Schriefstücke in un oaver Platt toau finnen. Wiedere Stüppen will wi oak bi usen Internetuptritt setten. &#8211; Mit dissen Schrieb will wie anfangen.</p>
<p>Un bi den Joahresuptakt nu, geef dat foart ne Overraschung. Lehrer Wesseln broachte us aine junge Asylantenfamilge ut Sri-Lanka mit, dej in Borger wall bekannt is. Wesseln Hinnek vertellde, dat dej Familgenvoar ut Sri-Lanka kump, woar hej flüchten mössde, weil dej Striet, dej Krieg tüsken Tamilien un Singalesen vör 20 Joahr eskaliert is. Sine Frau kump ut Südost-Indien. Hej arbeitet siet langen Joahren bi Zimbo-Bell. Beide Kinder bünnt in Dütskland, bi us geborn, un hab dej Indische und Sri-Lankische und oak dütske Staatsangehörigkeit. Devon Fernando dej jüngste van dej Familge (draide Klasse Grundschule) drög us n´ Naijoahrsgruß in bestem Dütsk vör, un sin Brouer Johannes Fernando (5. Klasse Gymnasium Soagel) settede noch aein drupp. Haei dröög in <strong><a href="http://heimatverein.he-webpack.de/?page_id=986">Plattdütsk</a></strong> aine Geschichte vör. Beide kreegen masse Beifall för aere Stücke. Beide proatet am leifsten Dütsk, so vertellden se us, oak mit aer Paape un Maame. Dej Pape haff bi dej Arbeit Dütsk leert un dej Mouder mit Hülpe van Heinrich un Erika Wesseln dej Düstske Mundoart leert. Beide Kinder proatet aber oak Tamil fließend, aehre Heimatsprache. Johannes und Devon hab all bie Vörlesewettbewerbe in Schoule Erfolge hat, un Johannes haff ne´ Hauptrolle in das Borger Musikal &#8222;Das Sams&#8220; spält. Dej Familge geid dat goaud in Borger und saj bünnt toau fräer bi us.</p>
<p>Köster-Harm, dej Heimatvereinsvorsittende vertellde, dat nu un Borger masse Lüe bünnt, dej ut Afganistan un oak annerswoar her koammt, un hier ne neije Heimat seuket, so wi dej Fernandos vör 20 Joahr. Nett in disse Tied (Wiehnachtstied) denke wi doaran, dat oak dej Heilige Familge in ähr Läwen Flüchtlinge in Aegypten wähn bünnt un die drai Waisen ut dat Morgenland, vellichte ut Persien, Syrien oder Afganistan koamen bünnt. Doamals bünnt dej Lüe, dej Hülpe brukket oak nich offwiesen woarn. Wie brukket bi´n poar Lüe, dej bi us lävet kiene Bange habben dat wi oaverfraomdet werd. In dej koamenden Moonde werd wi sain wo et klappt un wo man kloar kump. Aeins is sicher &#8211; disse Flüchtlinge wullen am laiwsten wer in ehre Heimat toaurügge, wenn dat güng. Vähle Luee ut Borger helpet daei Flüchtlinge. In Borger laevet ne Handvull Familgen in Hüse und aeine groote Gruppe is in use ehemalige Jugendherberge unnerbrocht. Dej Familge Fernando haff sück goaud inlaewet un kunn as Beispiel herholln.</p>

<p>12.01.2016 UB &#8211; As wi van Vorstand in Oktober 2015 in Lorpe bi´n Kreisheimatverein toauhope koam bünnt, is vertellt woarn, dat dej Kreisheimatvereine un oak de Emslaendische Heimatbund dat Joahr 2016 as &#8222;Plattdüsket Joahr utroap habb. Un hoert is toau, disse Versammlung was, so habb ik vernoamen, komplett in Platt. Alle hab Platt proatet. Dat [&#8230;]</p>
