{"id":4971,"date":"2015-09-03T07:09:36","date_gmt":"2015-09-03T05:09:36","guid":{"rendered":"http:\/\/heimatverein.he-webpack.de\/?page_id=4971"},"modified":"2015-09-03T07:55:11","modified_gmt":"2015-09-03T05:55:11","slug":"unbekannter-toter-im-mississippi-westlich-st-louis","status":"publish","type":"page","link":"http:\/\/heimatverein.he-webpack.de\/?page_id=4971","title":{"rendered":"Unbekannter Toter im Mississippi westlich St. Louis"},"content":{"rendered":"<p><strong>113 Jahre nach seinem Tod \u2013 wiedergefunden<\/strong><br \/>\n04.07.2010 UB &#8211; Wir suchten nach den \u00e4ltesten Sohn der Familie Johann Hermann *1799 und Genovefa Engbers geb. Pl\u00fcster *1800 Johann Bernhard Engbers *18.12.1833 in B\u00f6rger (gen. EmgesSchniedersinBernd &#8211; Verwandtschaft von Ker\u00dfens-Schmidtharms), wohnhaft B\u00f6rger Sandh\u00f6ge. Dieser ist nachweislich am 22. Okt. 1866 mit Ziel Missouri ausgewandert. Er landete in New Orleans und reiste weiter \u00fcber den Mississipi nach Calhoun County Illinios in der N\u00e4he von St. Louis. Er gab an Bauer und 30 Jahre alt zu sein. Registriert ist er bei der Ankunft in Calhoun County. Uns erreichte nun die Nachricht von Bob Behnen aus St. Louis USA,  \u00fcber Hermann Eilermann aus Oesede bei Osnabr\u00fcck, dass er die Person sehr wahrscheinlich gefunden habe. Am 4 Juli 1897 ist J. B. Engbers anscheinend verungl\u00fcckt \u2013 als sie die Leiche fanden, konnte sie nicht identifiziert werden. Darum wurde erst am 19. Juli 1897 ein Todesschein ausgef\u00fcllt und erw\u00e4hnt, dass er unbekannt gefunden wurde und sp\u00e4ter als \u201cBernard Engeberse\u201d, um die 60 Jahre alt, identifiziert ist.  Er sei in der N\u00e4he von Cliff Cave, 10 Km flussabw\u00e4rts s\u00fcdlich von St. Louis, am Mississippi bei einem Ungl\u00fcck ertrunken. Er wurde auf der Grabstelle der Familie Johann Hermann Gebken in St. Louis, einem Freund, geb\u00fcrtig aus Breddenberg Kirchspiel B\u00f6rger, auf dem Peter u. Paul Friedhof St. Louis \u2013 Lot 55E) in St. Louis bestattet. Im Jahre 1891 und 1895 wird er im Addressbuch von St. Louis erw\u00e4hnt: Engbers Bernhard, team(ster) r(ear)1304 Carroll = (Fuhrmann, wohnte im Hinterhaus in St. Louis Corrollstr. 1304). Die Infos stammen von Bob Behnen St. Louis.<br \/>\n<strong>Anmerkung:<\/strong> &#8211; Man glaubt es kaum, so klein ist die Welt!<\/p>\n","protected":false},"excerpt":{"rendered":"<p>113 Jahre nach seinem Tod \u2013 wiedergefunden 04.07.2010 UB &#8211; Wir suchten nach den \u00e4ltesten Sohn der Familie Johann Hermann *1799 und Genovefa Engbers geb. Pl\u00fcster *1800 Johann Bernhard Engbers *18.12.1833 in B\u00f6rger (gen. EmgesSchniedersinBernd &#8211; Verwandtschaft von Ker\u00dfens-Schmidtharms), wohnhaft B\u00f6rger Sandh\u00f6ge. Dieser ist nachweislich am 22. Okt. 1866 mit Ziel Missouri ausgewandert. Er landete [&#8230;]<\/p>\n","protected":false},"author":2,"featured_media":0,"parent":0,"menu_order":0,"comment_status":"closed","ping_status":"open","template":"","meta":{"ngg_post_thumbnail":0,"footnotes":""},"class_list":["post-4971","page","type-page","status-publish","hentry","odd"],"_links":{"self":[{"href":"http:\/\/heimatverein.he-webpack.de\/index.php?rest_route=\/wp\/v2\/pages\/4971","targetHints":{"allow":["GET"]}}],"collection":[{"href":"http:\/\/heimatverein.he-webpack.de\/index.php?rest_route=\/wp\/v2\/pages"}],"about":[{"href":"http:\/\/heimatverein.he-webpack.de\/index.php?rest_route=\/wp\/v2\/types\/page"}],"author":[{"embeddable":true,"href":"http:\/\/heimatverein.he-webpack.de\/index.php?rest_route=\/wp\/v2\/users\/2"}],"replies":[{"embeddable":true,"href":"http:\/\/heimatverein.he-webpack.de\/index.php?rest_route=%2Fwp%2Fv2%2Fcomments&post=4971"}],"version-history":[{"count":7,"href":"http:\/\/heimatverein.he-webpack.de\/index.php?rest_route=\/wp\/v2\/pages\/4971\/revisions"}],"predecessor-version":[{"id":4988,"href":"http:\/\/heimatverein.he-webpack.de\/index.php?rest_route=\/wp\/v2\/pages\/4971\/revisions\/4988"}],"wp:attachment":[{"href":"http:\/\/heimatverein.he-webpack.de\/index.php?rest_route=%2Fwp%2Fv2%2Fmedia&parent=4971"}],"curies":[{"name":"wp","href":"https:\/\/api.w.org\/{rel}","templated":true}]}}