{"id":4385,"date":"2015-01-05T11:04:12","date_gmt":"2015-01-05T10:04:12","guid":{"rendered":"http:\/\/heimatverein.he-webpack.de\/?page_id=4385"},"modified":"2015-03-24T08:26:18","modified_gmt":"2015-03-24T07:26:18","slug":"4385","status":"publish","type":"page","link":"http:\/\/heimatverein.he-webpack.de\/?page_id=4385","title":{"rendered":"Sternsinger besuchten den Heimatverein"},"content":{"rendered":"<p>07.01.2014 UB &#8211; Eine gelungene \u00dcberraschung war es, als die Sternsinger, die den Riegen bereisten, den Heimatverein besuchten und den G\u00e4sten ein St\u00e4ndchen brachten. An diesem Tage kamen in B\u00f6rger f\u00fcr die Sternsinger-Aktion 5.579,04 Euro zusammen (2013 &#8211; 5.325,86 Euro) In B\u00f6rgermoor 4.200,07 Euro, in B\u00f6rgerwald 2.874,26 Euro, In Neub\u00f6rger 4.250,00 Euro. Herzlichen Dank!<\/p>\n<p><strong>Sternsingerlied aus den 1960er Jahren &#8211; von Josef Connemann notiert &#8211; <\/strong><\/p>\n<p>&#8222;Jetzt kommen wir Waisen aus dem Morgenland fern &#8211; wir sahen am Himmel den gl\u00e4nzenden Stern<br \/>\nden der Prophet sehend gemeld &#8211; als Zeichen der Ankunft des Heilands der Welt.<br \/>\nDann traten wir Waisen vor Herodes seine T\u00fcr, &#8211; Herodes der K\u00f6nig trat selber hervor.<br \/>\nGehet dorthin, suchet das Kind &#8211; und habt ihrs gefunden, so sagt mir Bescheid,<br \/>\ndann will auch in kommen und beten es an.<br \/>\nUnd siehe den Stern, der uns Waisen erschien, &#8211; er mu\u00df mit uns ja nach Bethlehem ziehn.<br \/>\nZeigen den Ort, deutlich und klar, wo Christus der Heiland im Verborgenheit war.<br \/>\nJetzt fallen wir nieder auf unsere Knie, &#8211; verehren den Heiland als Gottmenschen hier.<br \/>\nF\u00fcr die Heiden, reicht Garben dar, &#8211; Gott wird es vergelten wie auch immer dar.<br \/>\nGott wirds Euch vergelten wie auch immerdar.&#8220;  <\/p>\n<p>Dann schreiben sie an die T\u00fcren oder die Hausbalken mit geweihter Kreide die Segensbitte<br \/>\nChristus mansionem benedicat\u201c (= \u201eChristus segne dieses Haus\u201c) 20 * C + M + B + 15<br \/>\n(ein Stern f\u00fcr den Stern von Betlehem und die drei Kreuze f\u00fcr den Dreifaltigen Gott:<br \/>\n Vater, Sohn und Heiliger Geist &#8211; und die Jahreszahl (2015).<\/p>\n<p><a href=\"http:\/\/heimatverein.he-webpack.de\/wp-content\/uploads\/2015\/01\/Sternsinger1200.jpg\" rel=\"lightbox[4385]\"><img loading=\"lazy\" decoding=\"async\" src=\"http:\/\/heimatverein.he-webpack.de\/wp-content\/uploads\/2015\/01\/Sternsinger1200.jpg\" alt=\"Sternsinger im Heimathaus\" title=\"Sternsinger im Heimathaus\" width=\"1200\" height=\"924\" class=\"alignright size-full wp-image-4381\" srcset=\"http:\/\/heimatverein.he-webpack.de\/wp-content\/uploads\/2015\/01\/Sternsinger1200.jpg 1200w, http:\/\/heimatverein.he-webpack.de\/wp-content\/uploads\/2015\/01\/Sternsinger1200-300x231.jpg 300w, http:\/\/heimatverein.he-webpack.de\/wp-content\/uploads\/2015\/01\/Sternsinger1200-1024x788.jpg 1024w\" sizes=\"auto, (max-width: 1200px) 100vw, 1200px\" \/><\/a><\/p>\n","protected":false},"excerpt":{"rendered":"<p>07.01.2014 UB &#8211; Eine gelungene \u00dcberraschung war es, als die Sternsinger, die den Riegen bereisten, den Heimatverein besuchten und den G\u00e4sten ein St\u00e4ndchen brachten. An diesem Tage kamen in B\u00f6rger f\u00fcr die Sternsinger-Aktion 5.579,04 Euro zusammen (2013 &#8211; 5.325,86 Euro) In B\u00f6rgermoor 4.200,07 Euro, in B\u00f6rgerwald 2.874,26 Euro, In Neub\u00f6rger 4.250,00 Euro. Herzlichen Dank!<\/p>\n<p>Sternsingerlied [&#8230;]<\/p>\n","protected":false},"author":2,"featured_media":0,"parent":0,"menu_order":0,"comment_status":"closed","ping_status":"open","template":"","meta":{"ngg_post_thumbnail":0,"footnotes":""},"class_list":["post-4385","page","type-page","status-publish","hentry","odd"],"_links":{"self":[{"href":"http:\/\/heimatverein.he-webpack.de\/index.php?rest_route=\/wp\/v2\/pages\/4385","targetHints":{"allow":["GET"]}}],"collection":[{"href":"http:\/\/heimatverein.he-webpack.de\/index.php?rest_route=\/wp\/v2\/pages"}],"about":[{"href":"http:\/\/heimatverein.he-webpack.de\/index.php?rest_route=\/wp\/v2\/types\/page"}],"author":[{"embeddable":true,"href":"http:\/\/heimatverein.he-webpack.de\/index.php?rest_route=\/wp\/v2\/users\/2"}],"replies":[{"embeddable":true,"href":"http:\/\/heimatverein.he-webpack.de\/index.php?rest_route=%2Fwp%2Fv2%2Fcomments&post=4385"}],"version-history":[{"count":15,"href":"http:\/\/heimatverein.he-webpack.de\/index.php?rest_route=\/wp\/v2\/pages\/4385\/revisions"}],"predecessor-version":[{"id":4386,"href":"http:\/\/heimatverein.he-webpack.de\/index.php?rest_route=\/wp\/v2\/pages\/4385\/revisions\/4386"}],"wp:attachment":[{"href":"http:\/\/heimatverein.he-webpack.de\/index.php?rest_route=%2Fwp%2Fv2%2Fmedia&parent=4385"}],"curies":[{"name":"wp","href":"https:\/\/api.w.org\/{rel}","templated":true}]}}