{"id":21,"date":"2009-03-17T23:38:04","date_gmt":"2009-03-17T22:38:04","guid":{"rendered":"http:\/\/heimatverein.he-webpack.de\/?page_id=21"},"modified":"2011-03-24T15:53:40","modified_gmt":"2011-03-24T14:53:40","slug":"eine-foto-gallerie","status":"publish","type":"page","link":"http:\/\/heimatverein.he-webpack.de\/?page_id=21","title":{"rendered":"Fotosammlung"},"content":{"rendered":"<p><strong>Radrennen 20. M\u00e4rz 2011<\/strong><br \/>\nngg_shortcode_0_placeholder<br \/>\n<strong>Tanz- und Trachtengruppe des HV im Jubil\u00e4umsjahr 2009<\/strong><br \/>\nngg_shortcode_1_placeholder<br \/>\n<strong>Mitgliederversammlungen<\/strong><br \/>\nngg_shortcode_2_placeholder<br \/>\n<strong>Wandertage des Heimatverein B\u00f6rger <\/strong><br \/>\nngg_shortcode_3_placeholder<br \/>\n<strong>Bilder Jahresemfp\u00e4nge<\/strong><br \/>\nngg_shortcode_4_placeholder<br \/>\n<strong>Kartoffelfest B\u00f6rger 2009<\/strong><br \/>\nngg_shortcode_5_placeholder<br \/>\n<strong>Vorstellung Use Borger<\/strong><br \/>\nngg_shortcode_6_placeholder<br \/>\n<strong>Ausfl\u00fcge des Verein<\/strong><br \/>\nngg_shortcode_7_placeholder<br \/>\n<strong>Sonstige Bilder<\/strong><br \/>\nngg_shortcode_8_placeholder<\/p>\n","protected":false},"excerpt":{"rendered":"<p>Radrennen 20. M\u00e4rz 2011 ngg_shortcode_9_placeholder Tanz- und Trachtengruppe des HV im Jubil\u00e4umsjahr 2009 ngg_shortcode_10_placeholder Mitgliederversammlungen ngg_shortcode_11_placeholder Wandertage des Heimatverein B\u00f6rger ngg_shortcode_12_placeholder Bilder Jahresemfp\u00e4nge ngg_shortcode_13_placeholder Kartoffelfest B\u00f6rger 2009 ngg_shortcode_14_placeholder Vorstellung Use Borger ngg_shortcode_15_placeholder Ausfl\u00fcge des Verein ngg_shortcode_16_placeholder Sonstige Bilder ngg_shortcode_17_placeholder<\/p>\n","protected":false},"author":1,"featured_media":0,"parent":0,"menu_order":12,"comment_status":"closed","ping_status":"open","template":"","meta":{"ngg_post_thumbnail":0,"footnotes":""},"class_list":["post-21","page","type-page","status-publish","hentry","odd"],"_links":{"self":[{"href":"http:\/\/heimatverein.he-webpack.de\/index.php?rest_route=\/wp\/v2\/pages\/21","targetHints":{"allow":["GET"]}}],"collection":[{"href":"http:\/\/heimatverein.he-webpack.de\/index.php?rest_route=\/wp\/v2\/pages"}],"about":[{"href":"http:\/\/heimatverein.he-webpack.de\/index.php?rest_route=\/wp\/v2\/types\/page"}],"author":[{"embeddable":true,"href":"http:\/\/heimatverein.he-webpack.de\/index.php?rest_route=\/wp\/v2\/users\/1"}],"replies":[{"embeddable":true,"href":"http:\/\/heimatverein.he-webpack.de\/index.php?rest_route=%2Fwp%2Fv2%2Fcomments&post=21"}],"version-history":[{"count":57,"href":"http:\/\/heimatverein.he-webpack.de\/index.php?rest_route=\/wp\/v2\/pages\/21\/revisions"}],"predecessor-version":[{"id":24,"href":"http:\/\/heimatverein.he-webpack.de\/index.php?rest_route=\/wp\/v2\/pages\/21\/revisions\/24"}],"wp:attachment":[{"href":"http:\/\/heimatverein.he-webpack.de\/index.php?rest_route=%2Fwp%2Fv2%2Fmedia&parent=21"}],"curies":[{"name":"wp","href":"https:\/\/api.w.org\/{rel}","templated":true}]}}

<p><strong>Radrennen 20. März 2011</strong><br />
ngg_shortcode_0_placeholder<br />
<strong>Tanz- und Trachtengruppe des HV im Jubiläumsjahr 2009</strong><br />
ngg_shortcode_1_placeholder<br />
<strong>Mitgliederversammlungen</strong><br />
ngg_shortcode_2_placeholder<br />
<strong>Wandertage des Heimatverein Börger </strong><br />
ngg_shortcode_3_placeholder<br />
<strong>Bilder Jahresemfpänge</strong><br />
ngg_shortcode_4_placeholder<br />
<strong>Kartoffelfest Börger 2009</strong><br />
ngg_shortcode_5_placeholder<br />
<strong>Vorstellung Use Borger</strong><br />
ngg_shortcode_6_placeholder<br />
<strong>Ausflüge des Verein</strong><br />
ngg_shortcode_7_placeholder<br />
<strong>Sonstige Bilder</strong><br />
ngg_shortcode_8_placeholder</p>

<p>Radrennen 20. März 2011 ngg_shortcode_9_placeholder Tanz- und Trachtengruppe des HV im Jubiläumsjahr 2009 ngg_shortcode_10_placeholder Mitgliederversammlungen ngg_shortcode_11_placeholder Wandertage des Heimatverein Börger ngg_shortcode_12_placeholder Bilder Jahresemfpänge ngg_shortcode_13_placeholder Kartoffelfest Börger 2009 ngg_shortcode_14_placeholder Vorstellung Use Borger ngg_shortcode_15_placeholder Ausflüge des Verein ngg_shortcode_16_placeholder Sonstige Bilder ngg_shortcode_17_placeholder</p>
